{"id":682,"date":"2017-05-03T09:43:07","date_gmt":"2017-05-03T09:43:07","guid":{"rendered":"http:\/\/www.landsbygdsturism.se\/?page_id=682"},"modified":"2018-04-09T08:32:44","modified_gmt":"2018-04-09T08:32:44","slug":"wardshuset-prastgarden-tavelsjo","status":"publish","type":"page","link":"https:\/\/www.landsbygdsturism.se\/sv\/besoksmal\/wardshuset-prastgarden-tavelsjo\/","title":{"rendered":"W\u00e4rdshuset Tavelsj\u00f6"},"content":{"rendered":"<p><img decoding=\"async\" loading=\"lazy\" class=\"alignnone wp-image-571\" src=\"http:\/\/www.landsbygdsturism.se\/wp-content\/uploads\/2017\/01\/unnamed-2-300x199.jpg\" alt=\"\" width=\"412\" height=\"273\" srcset=\"https:\/\/www.landsbygdsturism.se\/wp-content\/uploads\/2017\/01\/unnamed-2-300x199.jpg 300w, https:\/\/www.landsbygdsturism.se\/wp-content\/uploads\/2017\/01\/unnamed-2-150x99.jpg 150w, https:\/\/www.landsbygdsturism.se\/wp-content\/uploads\/2017\/01\/unnamed-2-768x508.jpg 768w, https:\/\/www.landsbygdsturism.se\/wp-content\/uploads\/2017\/01\/unnamed-2-1024x678.jpg 1024w, https:\/\/www.landsbygdsturism.se\/wp-content\/uploads\/2017\/01\/unnamed-2-750x499.jpg 750w, https:\/\/www.landsbygdsturism.se\/wp-content\/uploads\/2017\/01\/unnamed-2-360x240.jpg 360w, https:\/\/www.landsbygdsturism.se\/wp-content\/uploads\/2017\/01\/unnamed-2.jpg 1124w\" sizes=\"(max-width: 412px) 100vw, 412px\" \/><\/p>\n<p><strong>W\u00e4rdshuset Tavelsj\u00f6 ligger vackert bel\u00e4get vid Tavelsj\u00f6n, n\u00e4stan v\u00e4gg i v\u00e4gg med Bl\u00e5eld.<\/strong><\/p>\n<h3>\u00d6ppettider<\/h3>\n<p><strong>September till mitten p\u00e5 juni\u00a0<\/strong><br \/>\n\u00d6ppet helger.<\/p>\n<p><strong>Fr\u00e5n midsommarveckan och fram till september<img decoding=\"async\" loading=\"lazy\" class=\"wp-image-871 alignright\" src=\"http:\/\/www.landsbygdsturism.se\/wp-content\/uploads\/2018\/03\/IMG_0323-300x200.jpg\" alt=\"\" width=\"315\" height=\"210\" srcset=\"https:\/\/www.landsbygdsturism.se\/wp-content\/uploads\/2018\/03\/IMG_0323-300x200.jpg 300w, https:\/\/www.landsbygdsturism.se\/wp-content\/uploads\/2018\/03\/IMG_0323-150x100.jpg 150w, https:\/\/www.landsbygdsturism.se\/wp-content\/uploads\/2018\/03\/IMG_0323-768x512.jpg 768w, https:\/\/www.landsbygdsturism.se\/wp-content\/uploads\/2018\/03\/IMG_0323-1024x683.jpg 1024w, https:\/\/www.landsbygdsturism.se\/wp-content\/uploads\/2018\/03\/IMG_0323-750x499.jpg 750w, https:\/\/www.landsbygdsturism.se\/wp-content\/uploads\/2018\/03\/IMG_0323-360x240.jpg 360w\" sizes=\"(max-width: 315px) 100vw, 315px\" \/><\/strong><br \/>\n\u00d6ppet varje dag f\u00f6r fika och lunch.<br \/>\n<strong>Onsdagkv\u00e4llar<\/strong> har vi kv\u00e4lls\u00f6ppet med aktiviteter som trubadurer och quizkv\u00e4llar.<\/p>\n<p>Vi serverar god hemlagad mat p\u00e5 n\u00e4rproducerade produkter och har samarbete med Oxvikens g\u00e5rd och H\u00e4gnareg\u00e5rden bland annat.<br \/>\nEn g\u00e5ng i m\u00e5naden har vi pubkv\u00e4llar och AW som \u00e4r v\u00e4lbes\u00f6kta och omtyckta. Se mer information p\u00e5 v\u00e5r facebooksida: <a href=\"http:\/\/www.facebook.com\/wardshusettavelsjo\/\" target=\"_blank\" rel=\"noopener\" data-saferedirecturl=\"https:\/\/www.google.com\/url?hl=sv&amp;q=http:\/\/www.facebook.com\/wardshusettavelsjo\/&amp;source=gmail&amp;ust=1521038417500000&amp;usg=AFQjCNE4YvaZ9qiiE5rzZG4LdUxcfmbGJw\">www.facebook.com\/<wbr \/>wardshusettavelsjo\/<\/a><\/p>\n<p><strong>Julbord<\/strong><br \/>\nVi har julbord i december, ett veganskt\/vegetariskt och resterande \u00e4r traditionella julbord.<\/p>\n<p><strong>Catering<\/strong><br \/>\nVi caterar ocks\u00e5 mat, mest genom v\u00e5r vegetariska catering Sn\u00e5ttren; <a href=\"http:\/\/www.sn\u00e5ttren.se\">www.sn\u00e5ttren.se<\/a>\u00a0men \u00e4ven &#8220;vanlig&#8221; mat.<\/p>\n<p><strong>Bokningar<img decoding=\"async\" loading=\"lazy\" class=\"wp-image-872 alignleft\" src=\"http:\/\/www.landsbygdsturism.se\/wp-content\/uploads\/2018\/03\/br\u00f6llop.jpg\" alt=\"\" width=\"258\" height=\"258\" srcset=\"https:\/\/www.landsbygdsturism.se\/wp-content\/uploads\/2018\/03\/br\u00f6llop.jpg 200w, https:\/\/www.landsbygdsturism.se\/wp-content\/uploads\/2018\/03\/br\u00f6llop-150x150.jpg 150w\" sizes=\"(max-width: 258px) 100vw, 258px\" \/><\/strong><br \/>\nVi tar emot bokningar som busslaster, minnesstunder, kalas, br\u00f6llop eller f\u00f6retag som vill bjuda sina anst\u00e4llda p\u00e5 n\u00e5got gott.<br \/>\nVi har fullst\u00e4ndiga r\u00e4ttigheter.<\/p>\n<p><strong>Kontakt<\/strong><br \/>\nBes\u00f6ksadress: Strandv\u00e4gen 25<br \/>\nTelefon: 070- 243 29 40<br \/>\nmail: <a href=\"mailto:wardshuset@tavelsjo.se\" target=\"_blank\" rel=\"noopener\">wardshuset@tavelsjo.se<\/a><\/p>\n<h3><img decoding=\"async\" loading=\"lazy\" class=\"alignright wp-image-870\" src=\"http:\/\/www.landsbygdsturism.se\/wp-content\/uploads\/2018\/03\/IMG_0332-300x200.jpg\" alt=\"\" width=\"248\" height=\"165\" srcset=\"https:\/\/www.landsbygdsturism.se\/wp-content\/uploads\/2018\/03\/IMG_0332-300x200.jpg 300w, https:\/\/www.landsbygdsturism.se\/wp-content\/uploads\/2018\/03\/IMG_0332-150x100.jpg 150w, https:\/\/www.landsbygdsturism.se\/wp-content\/uploads\/2018\/03\/IMG_0332-768x512.jpg 768w, https:\/\/www.landsbygdsturism.se\/wp-content\/uploads\/2018\/03\/IMG_0332-1024x683.jpg 1024w, https:\/\/www.landsbygdsturism.se\/wp-content\/uploads\/2018\/03\/IMG_0332-750x499.jpg 750w, https:\/\/www.landsbygdsturism.se\/wp-content\/uploads\/2018\/03\/IMG_0332-360x240.jpg 360w\" sizes=\"(max-width: 248px) 100vw, 248px\" \/><\/h3>\n<p>&nbsp;<\/p>\n<h3>Hoppas vi ses!<\/h3>\n<h3>V\u00e4lkommen \u00f6nskar<\/h3>\n<p><em>Carina och Mia<\/em><\/p>\n<p>&nbsp;<\/p>","protected":false},"excerpt":{"rendered":"<p>W\u00e4rdshuset Tavelsj\u00f6 ligger vackert bel\u00e4get vid Tavelsj\u00f6n, n\u00e4stan v\u00e4gg i v\u00e4gg med Bl\u00e5eld. \u00d6ppettider September till mitten p\u00e5 juni\u00a0 \u00d6ppet helger. Fr\u00e5n midsommarveckan och fram till september \u00d6ppet varje dag <a class=\"more-link\" href=\"https:\/\/www.landsbygdsturism.se\/sv\/besoksmal\/wardshuset-prastgarden-tavelsjo\/\">Continue Reading \u2192<\/a><\/p>\n","protected":false},"author":2,"featured_media":0,"parent":94,"menu_order":0,"comment_status":"closed","ping_status":"closed","template":"","meta":[],"_links":{"self":[{"href":"https:\/\/www.landsbygdsturism.se\/sv\/wp-json\/wp\/v2\/pages\/682"}],"collection":[{"href":"https:\/\/www.landsbygdsturism.se\/sv\/wp-json\/wp\/v2\/pages"}],"about":[{"href":"https:\/\/www.landsbygdsturism.se\/sv\/wp-json\/wp\/v2\/types\/page"}],"author":[{"embeddable":true,"href":"https:\/\/www.landsbygdsturism.se\/sv\/wp-json\/wp\/v2\/users\/2"}],"replies":[{"embeddable":true,"href":"https:\/\/www.landsbygdsturism.se\/sv\/wp-json\/wp\/v2\/comments?post=682"}],"version-history":[{"count":25,"href":"https:\/\/www.landsbygdsturism.se\/sv\/wp-json\/wp\/v2\/pages\/682\/revisions"}],"predecessor-version":[{"id":923,"href":"https:\/\/www.landsbygdsturism.se\/sv\/wp-json\/wp\/v2\/pages\/682\/revisions\/923"}],"up":[{"embeddable":true,"href":"https:\/\/www.landsbygdsturism.se\/sv\/wp-json\/wp\/v2\/pages\/94"}],"wp:attachment":[{"href":"https:\/\/www.landsbygdsturism.se\/sv\/wp-json\/wp\/v2\/media?parent=682"}],"curies":[{"name":"wp","href":"https:\/\/api.w.org\/{rel}","templated":true}]}}

Wärdshuset Tavelsjö

<p><img decoding="async" loading="lazy" class="alignnone wp-image-571" src="http://www.landsbygdsturism.se/wp-content/uploads/2017/01/unnamed-2-300x199.jpg" alt="" width="412" height="273" srcset="https://www.landsbygdsturism.se/wp-content/uploads/2017/01/unnamed-2-300x199.jpg 300w, https://www.landsbygdsturism.se/wp-content/uploads/2017/01/unnamed-2-150x99.jpg 150w, https://www.landsbygdsturism.se/wp-content/uploads/2017/01/unnamed-2-768x508.jpg 768w, https://www.landsbygdsturism.se/wp-content/uploads/2017/01/unnamed-2-1024x678.jpg 1024w, https://www.landsbygdsturism.se/wp-content/uploads/2017/01/unnamed-2-750x499.jpg 750w, https://www.landsbygdsturism.se/wp-content/uploads/2017/01/unnamed-2-360x240.jpg 360w, https://www.landsbygdsturism.se/wp-content/uploads/2017/01/unnamed-2.jpg 1124w" sizes="(max-width: 412px) 100vw, 412px" /></p>
<p><strong>Wärdshuset Tavelsjö ligger vackert beläget vid Tavelsjön, nästan vägg i vägg med Blåeld.</strong></p>
<h3>Öppettider</h3>
<p><strong>September till mitten på juni </strong><br />
Öppet helger.</p>
<p><strong>Från midsommarveckan och fram till september<img decoding="async" loading="lazy" class="wp-image-871 alignright" src="http://www.landsbygdsturism.se/wp-content/uploads/2018/03/IMG_0323-300x200.jpg" alt="" width="315" height="210" srcset="https://www.landsbygdsturism.se/wp-content/uploads/2018/03/IMG_0323-300x200.jpg 300w, https://www.landsbygdsturism.se/wp-content/uploads/2018/03/IMG_0323-150x100.jpg 150w, https://www.landsbygdsturism.se/wp-content/uploads/2018/03/IMG_0323-768x512.jpg 768w, https://www.landsbygdsturism.se/wp-content/uploads/2018/03/IMG_0323-1024x683.jpg 1024w, https://www.landsbygdsturism.se/wp-content/uploads/2018/03/IMG_0323-750x499.jpg 750w, https://www.landsbygdsturism.se/wp-content/uploads/2018/03/IMG_0323-360x240.jpg 360w" sizes="(max-width: 315px) 100vw, 315px" /></strong><br />
Öppet varje dag för fika och lunch.<br />
<strong>Onsdagkvällar</strong> har vi kvällsöppet med aktiviteter som trubadurer och quizkvällar.</p>
<p>Vi serverar god hemlagad mat på närproducerade produkter och har samarbete med Oxvikens gård och Hägnaregården bland annat.<br />
En gång i månaden har vi pubkvällar och AW som är välbesökta och omtyckta. Se mer information på vår facebooksida: <a href="http://www.facebook.com/wardshusettavelsjo/" target="_blank" rel="noopener" data-saferedirecturl="https://www.google.com/url?hl=sv&amp;q=http://www.facebook.com/wardshusettavelsjo/&amp;source=gmail&amp;ust=1521038417500000&amp;usg=AFQjCNE4YvaZ9qiiE5rzZG4LdUxcfmbGJw">www.facebook.com/<wbr />wardshusettavelsjo/</a></p>
<p><strong>Julbord</strong><br />
Vi har julbord i december, ett veganskt/vegetariskt och resterande är traditionella julbord.</p>
<p><strong>Catering</strong><br />
Vi caterar också mat, mest genom vår vegetariska catering Snåttren; <a href="http://www.snåttren.se">www.snåttren.se</a> men även &#8220;vanlig&#8221; mat.</p>
<p><strong>Bokningar<img decoding="async" loading="lazy" class="wp-image-872 alignleft" src="http://www.landsbygdsturism.se/wp-content/uploads/2018/03/bröllop.jpg" alt="" width="258" height="258" srcset="https://www.landsbygdsturism.se/wp-content/uploads/2018/03/bröllop.jpg 200w, https://www.landsbygdsturism.se/wp-content/uploads/2018/03/bröllop-150x150.jpg 150w" sizes="(max-width: 258px) 100vw, 258px" /></strong><br />
Vi tar emot bokningar som busslaster, minnesstunder, kalas, bröllop eller företag som vill bjuda sina anställda på något gott.<br />
Vi har fullständiga rättigheter.</p>
<p><strong>Kontakt</strong><br />
Besöksadress: Strandvägen 25<br />
Telefon: 070- 243 29 40<br />
mail: <a href="mailto:wardshuset@tavelsjo.se" target="_blank" rel="noopener">wardshuset@tavelsjo.se</a></p>
<h3><img decoding="async" loading="lazy" class="alignright wp-image-870" src="http://www.landsbygdsturism.se/wp-content/uploads/2018/03/IMG_0332-300x200.jpg" alt="" width="248" height="165" srcset="https://www.landsbygdsturism.se/wp-content/uploads/2018/03/IMG_0332-300x200.jpg 300w, https://www.landsbygdsturism.se/wp-content/uploads/2018/03/IMG_0332-150x100.jpg 150w, https://www.landsbygdsturism.se/wp-content/uploads/2018/03/IMG_0332-768x512.jpg 768w, https://www.landsbygdsturism.se/wp-content/uploads/2018/03/IMG_0332-1024x683.jpg 1024w, https://www.landsbygdsturism.se/wp-content/uploads/2018/03/IMG_0332-750x499.jpg 750w, https://www.landsbygdsturism.se/wp-content/uploads/2018/03/IMG_0332-360x240.jpg 360w" sizes="(max-width: 248px) 100vw, 248px" /></h3>
<p>&nbsp;</p>
<h3>Hoppas vi ses!</h3>
<h3>Välkommen önskar</h3>
<p><em>Carina och Mia</em></p>
<p>&nbsp;</p>

<p>Wärdshuset Tavelsjö ligger vackert beläget vid Tavelsjön, nästan vägg i vägg med Blåeld. Öppettider September till mitten på juni  Öppet helger. Från midsommarveckan och fram till september Öppet varje dag <a class="more-link" href="https://www.landsbygdsturism.se/sv/besoksmal/wardshuset-prastgarden-tavelsjo/">Continue Reading →</a></p>
