{"id":156,"date":"2017-01-11T14:10:35","date_gmt":"2017-01-11T14:10:35","guid":{"rendered":"http:\/\/www.landsbygdsturism.se\/?page_id=156"},"modified":"2018-04-09T05:53:45","modified_gmt":"2018-04-09T05:53:45","slug":"glassbonden-selet-2","status":"publish","type":"page","link":"https:\/\/www.landsbygdsturism.se\/sv\/besoksmal\/glassbonden-selet-2\/","title":{"rendered":"Glassbonden, Selet"},"content":{"rendered":"<p><img decoding=\"async\" loading=\"lazy\" class=\"wp-image-263 alignright\" src=\"http:\/\/www.landsbygdsturism.se\/wp-content\/uploads\/2017\/01\/djuren001_500x333-300x200.jpg\" alt=\"\" width=\"231\" height=\"154\" srcset=\"https:\/\/www.landsbygdsturism.se\/wp-content\/uploads\/2017\/01\/djuren001_500x333-300x200.jpg 300w, https:\/\/www.landsbygdsturism.se\/wp-content\/uploads\/2017\/01\/djuren001_500x333-150x100.jpg 150w, https:\/\/www.landsbygdsturism.se\/wp-content\/uploads\/2017\/01\/djuren001_500x333-90x60.jpg 90w, https:\/\/www.landsbygdsturism.se\/wp-content\/uploads\/2017\/01\/djuren001_500x333.jpg 640w\" sizes=\"(max-width: 231px) 100vw, 231px\" \/><\/p>\n<h2>V\u00e4lkommen till Glassbonden<\/h2>\n<p>I v\u00e5rt g\u00e5rdsmejeri produceras fr\u00e5n augusti 2010 glass av mj\u00f6lken fr\u00e5n v\u00e5ra SKB-kor, Svensk Kullig Boskap, i folkmun kallad fj\u00e4llko.<\/p>\n<p>V\u00e5r Glassbar ligger i V\u00e4stra Selet, med fantastiskt utsikt \u00f6ver Vindel\u00e4lven. F\u00f6rutom glass av\u00a0alla de slag finns h\u00e4r hembakade, matiga pajer &amp; nygr\u00e4ddade v\u00e5fflor.\u00a0Glass, k\u00f6tt fr\u00e5n egen g\u00e5rd och andra lokala varor finns att k\u00f6pa med hem f\u00f6r den som vill.<\/p>\n<p>G\u00e5 en promenad l\u00e4ngs v\u00e5r ko-stig och l\u00e4r dig mer om kor eller f\u00f6lj historiestigen som leder ner\u00a0till h\u00e4ngbron och ta del av lokal historik. En k\u00e4rleksstig finns i den vackra tallskogen.<\/p>\n<p>P\u00e5 g\u00e5rden \u00e4r det en barnv\u00e4nlig och mysig milj\u00f6 med studsmatta och lekstuga.<\/p>\n<p>\u00d6ppet dagligen 16 juni-19 aug.<\/p>\n<p>Midsommarafton st\u00e4ngt.<br \/>\n\u00d6ppettider se hemsida<\/p>\n<p><b>Kontakt<\/b><\/p>\n<p>V\u00e4stra Selet 4<\/p>\n<p>911 92 V\u00e4nn\u00e4s<\/p>\n<p>Helena \u00a0 070-523 10 11<\/p>\n<p>Tomas\u00a0 070-523 56 65<\/p>\n<p><a href=\"info@glassbonden.se\">info@glassbonden.se<\/a><\/p>\n<p><a href=\"http:\/\/www.glassbonden.se\">http:\/\/www.glassbonden.se<\/a><\/p>\n<p><b>Geokoordinater<\/b><\/p>\n<p>Lat. 64.04717, 19.91258<\/p>\n<p><img decoding=\"async\" loading=\"lazy\" class=\"alignnone wp-image-299\" src=\"http:\/\/www.landsbygdsturism.se\/wp-content\/uploads\/2017\/01\/2015-07-21-H\u00e4ngbron-i-Selet-300x200.jpg\" alt=\"\" width=\"257\" height=\"171\" srcset=\"https:\/\/www.landsbygdsturism.se\/wp-content\/uploads\/2017\/01\/2015-07-21-H\u00e4ngbron-i-Selet-300x200.jpg 300w, https:\/\/www.landsbygdsturism.se\/wp-content\/uploads\/2017\/01\/2015-07-21-H\u00e4ngbron-i-Selet-150x100.jpg 150w, https:\/\/www.landsbygdsturism.se\/wp-content\/uploads\/2017\/01\/2015-07-21-H\u00e4ngbron-i-Selet-768x512.jpg 768w, https:\/\/www.landsbygdsturism.se\/wp-content\/uploads\/2017\/01\/2015-07-21-H\u00e4ngbron-i-Selet-1024x683.jpg 1024w, https:\/\/www.landsbygdsturism.se\/wp-content\/uploads\/2017\/01\/2015-07-21-H\u00e4ngbron-i-Selet-90x60.jpg 90w\" sizes=\"(max-width: 257px) 100vw, 257px\" \/><\/p>\n<p><img decoding=\"async\" loading=\"lazy\" class=\" wp-image-298\" src=\"http:\/\/www.landsbygdsturism.se\/wp-content\/uploads\/2017\/01\/2015-07-21-Glassbonden.-fika-300x202.jpg\" alt=\"\" width=\"247\" height=\"166\" srcset=\"https:\/\/www.landsbygdsturism.se\/wp-content\/uploads\/2017\/01\/2015-07-21-Glassbonden.-fika-300x202.jpg 300w, https:\/\/www.landsbygdsturism.se\/wp-content\/uploads\/2017\/01\/2015-07-21-Glassbonden.-fika-150x101.jpg 150w, https:\/\/www.landsbygdsturism.se\/wp-content\/uploads\/2017\/01\/2015-07-21-Glassbonden.-fika-768x516.jpg 768w, https:\/\/www.landsbygdsturism.se\/wp-content\/uploads\/2017\/01\/2015-07-21-Glassbonden.-fika-1024x688.jpg 1024w, https:\/\/www.landsbygdsturism.se\/wp-content\/uploads\/2017\/01\/2015-07-21-Glassbonden.-fika-90x60.jpg 90w\" sizes=\"(max-width: 247px) 100vw, 247px\" \/><\/p>","protected":false},"excerpt":{"rendered":"<p>V\u00e4lkommen till Glassbonden I v\u00e5rt g\u00e5rdsmejeri produceras fr\u00e5n augusti 2010 glass av mj\u00f6lken fr\u00e5n v\u00e5ra SKB-kor, Svensk Kullig Boskap, i folkmun kallad fj\u00e4llko. V\u00e5r Glassbar ligger i V\u00e4stra Selet, med <a class=\"more-link\" href=\"https:\/\/www.landsbygdsturism.se\/sv\/besoksmal\/glassbonden-selet-2\/\">Continue Reading \u2192<\/a><\/p>\n","protected":false},"author":2,"featured_media":0,"parent":94,"menu_order":0,"comment_status":"closed","ping_status":"closed","template":"","meta":[],"_links":{"self":[{"href":"https:\/\/www.landsbygdsturism.se\/sv\/wp-json\/wp\/v2\/pages\/156"}],"collection":[{"href":"https:\/\/www.landsbygdsturism.se\/sv\/wp-json\/wp\/v2\/pages"}],"about":[{"href":"https:\/\/www.landsbygdsturism.se\/sv\/wp-json\/wp\/v2\/types\/page"}],"author":[{"embeddable":true,"href":"https:\/\/www.landsbygdsturism.se\/sv\/wp-json\/wp\/v2\/users\/2"}],"replies":[{"embeddable":true,"href":"https:\/\/www.landsbygdsturism.se\/sv\/wp-json\/wp\/v2\/comments?post=156"}],"version-history":[{"count":11,"href":"https:\/\/www.landsbygdsturism.se\/sv\/wp-json\/wp\/v2\/pages\/156\/revisions"}],"predecessor-version":[{"id":902,"href":"https:\/\/www.landsbygdsturism.se\/sv\/wp-json\/wp\/v2\/pages\/156\/revisions\/902"}],"up":[{"embeddable":true,"href":"https:\/\/www.landsbygdsturism.se\/sv\/wp-json\/wp\/v2\/pages\/94"}],"wp:attachment":[{"href":"https:\/\/www.landsbygdsturism.se\/sv\/wp-json\/wp\/v2\/media?parent=156"}],"curies":[{"name":"wp","href":"https:\/\/api.w.org\/{rel}","templated":true}]}}

<p><img decoding="async" loading="lazy" class="wp-image-263 alignright" src="http://www.landsbygdsturism.se/wp-content/uploads/2017/01/djuren001_500x333-300x200.jpg" alt="" width="231" height="154" srcset="https://www.landsbygdsturism.se/wp-content/uploads/2017/01/djuren001_500x333-300x200.jpg 300w, https://www.landsbygdsturism.se/wp-content/uploads/2017/01/djuren001_500x333-150x100.jpg 150w, https://www.landsbygdsturism.se/wp-content/uploads/2017/01/djuren001_500x333-90x60.jpg 90w, https://www.landsbygdsturism.se/wp-content/uploads/2017/01/djuren001_500x333.jpg 640w" sizes="(max-width: 231px) 100vw, 231px" /></p>
<h2>Välkommen till Glassbonden</h2>
<p>I vårt gårdsmejeri produceras från augusti 2010 glass av mjölken från våra SKB-kor, Svensk Kullig Boskap, i folkmun kallad fjällko.</p>
<p>Vår Glassbar ligger i Västra Selet, med fantastiskt utsikt över Vindelälven. Förutom glass av alla de slag finns här hembakade, matiga pajer &amp; nygräddade våfflor. Glass, kött från egen gård och andra lokala varor finns att köpa med hem för den som vill.</p>
<p>Gå en promenad längs vår ko-stig och lär dig mer om kor eller följ historiestigen som leder ner till hängbron och ta del av lokal historik. En kärleksstig finns i den vackra tallskogen.</p>
<p>På gården är det en barnvänlig och mysig miljö med studsmatta och lekstuga.</p>
<p>Öppet dagligen 16 juni-19 aug.</p>
<p>Midsommarafton stängt.<br />
Öppettider se hemsida</p>
<p><b>Kontakt</b></p>
<p>Västra Selet 4</p>
<p>911 92 Vännäs</p>
<p>Helena   070-523 10 11</p>
<p>Tomas  070-523 56 65</p>
<p><a href="info@glassbonden.se">info@glassbonden.se</a></p>
<p><a href="http://www.glassbonden.se">http://www.glassbonden.se</a></p>
<p><b>Geokoordinater</b></p>
<p>Lat. 64.04717, 19.91258</p>
<p><img decoding="async" loading="lazy" class="alignnone wp-image-299" src="http://www.landsbygdsturism.se/wp-content/uploads/2017/01/2015-07-21-Hängbron-i-Selet-300x200.jpg" alt="" width="257" height="171" srcset="https://www.landsbygdsturism.se/wp-content/uploads/2017/01/2015-07-21-Hängbron-i-Selet-300x200.jpg 300w, https://www.landsbygdsturism.se/wp-content/uploads/2017/01/2015-07-21-Hängbron-i-Selet-150x100.jpg 150w, https://www.landsbygdsturism.se/wp-content/uploads/2017/01/2015-07-21-Hängbron-i-Selet-768x512.jpg 768w, https://www.landsbygdsturism.se/wp-content/uploads/2017/01/2015-07-21-Hängbron-i-Selet-1024x683.jpg 1024w, https://www.landsbygdsturism.se/wp-content/uploads/2017/01/2015-07-21-Hängbron-i-Selet-90x60.jpg 90w" sizes="(max-width: 257px) 100vw, 257px" /></p>
<p><img decoding="async" loading="lazy" class=" wp-image-298" src="http://www.landsbygdsturism.se/wp-content/uploads/2017/01/2015-07-21-Glassbonden.-fika-300x202.jpg" alt="" width="247" height="166" srcset="https://www.landsbygdsturism.se/wp-content/uploads/2017/01/2015-07-21-Glassbonden.-fika-300x202.jpg 300w, https://www.landsbygdsturism.se/wp-content/uploads/2017/01/2015-07-21-Glassbonden.-fika-150x101.jpg 150w, https://www.landsbygdsturism.se/wp-content/uploads/2017/01/2015-07-21-Glassbonden.-fika-768x516.jpg 768w, https://www.landsbygdsturism.se/wp-content/uploads/2017/01/2015-07-21-Glassbonden.-fika-1024x688.jpg 1024w, https://www.landsbygdsturism.se/wp-content/uploads/2017/01/2015-07-21-Glassbonden.-fika-90x60.jpg 90w" sizes="(max-width: 247px) 100vw, 247px" /></p>

<p>Välkommen till Glassbonden I vårt gårdsmejeri produceras från augusti 2010 glass av mjölken från våra SKB-kor, Svensk Kullig Boskap, i folkmun kallad fjällko. Vår Glassbar ligger i Västra Selet, med <a class="more-link" href="https://www.landsbygdsturism.se/sv/besoksmal/glassbonden-selet-2/">Continue Reading →</a></p>
